{"id":544,"date":"2023-01-29T09:09:13","date_gmt":"2023-01-29T09:09:13","guid":{"rendered":"http:\/\/website.lmprojekte.de\/ITSystemsConsultingRaimund\/?page_id=544"},"modified":"2023-07-15T08:16:41","modified_gmt":"2023-07-15T06:16:41","slug":"full-stack","status":"publish","type":"page","link":"https:\/\/www.it-systems-consulting.de\/index.php\/full-stack\/","title":{"rendered":"Full stack"},"content":{"rendered":"<div id='full_slider_1'  class='avia-fullwidth-slider main_color avia-shadow   avia-builder-el-0  el_before_av_section  avia-builder-el-first   container_wrap sidebar_right'  >\n<style type=\"text\/css\" data-created_by=\"avia_inline_auto\" id=\"style-css-av-dhy8w-53fa7cbebcae1b0caabb37f567c59b95\">\n#top #wrap_all .avia-slideshow .av-slideshow-caption.av-dhy8w-53fa7cbebcae1b0caabb37f567c59b95__0 .avia-caption-title{\nfont-size:60px;\n}\n\n@media only screen and (min-width: 768px) and (max-width: 989px){ \n#top #wrap_all .avia-slideshow .av-slideshow-caption.av-dhy8w-53fa7cbebcae1b0caabb37f567c59b95__0 .avia-caption-title{\nfont-size:48px;\n}\n}\n\n@media only screen and (min-width: 480px) and (max-width: 767px){ \n#top #wrap_all .avia-slideshow .av-slideshow-caption.av-dhy8w-53fa7cbebcae1b0caabb37f567c59b95__0 .avia-caption-title{\nfont-size:36px;\n}\n#top .avia-slideshow .av-slideshow-caption.av-dhy8w-53fa7cbebcae1b0caabb37f567c59b95__0 .avia-caption-content{\nfont-size:18px;\n}\n#top .avia-slideshow .av-slideshow-caption.av-dhy8w-53fa7cbebcae1b0caabb37f567c59b95__0 .avia-caption-content p{\nfont-size:18px;\n}\n}\n\n@media only screen and (max-width: 479px){ \n#top #wrap_all .avia-slideshow .av-slideshow-caption.av-dhy8w-53fa7cbebcae1b0caabb37f567c59b95__0 .avia-caption-title{\nfont-size:30px;\n}\n#top .avia-slideshow .av-slideshow-caption.av-dhy8w-53fa7cbebcae1b0caabb37f567c59b95__0 .avia-caption-content{\nfont-size:16px;\n}\n#top .avia-slideshow .av-slideshow-caption.av-dhy8w-53fa7cbebcae1b0caabb37f567c59b95__0 .avia-caption-content p{\nfont-size:16px;\n}\n}\n<\/style>\n<div  class='avia-slideshow av-dhy8w-53fa7cbebcae1b0caabb37f567c59b95 avia-slideshow-no scaling av_slideshow_full avia-slide-slider av-slideshow-ui av-control-default av-slideshow-manual av-loop-once av-loop-manual-endless av-default-height-applied   avia-slideshow-1' data-slideshow-options=\"{&quot;animation&quot;:&quot;slide&quot;,&quot;autoplay&quot;:false,&quot;loop_autoplay&quot;:&quot;once&quot;,&quot;interval&quot;:5,&quot;loop_manual&quot;:&quot;manual-endless&quot;,&quot;autoplay_stopper&quot;:false,&quot;noNavigation&quot;:false,&quot;bg_slider&quot;:false,&quot;keep_padding&quot;:false,&quot;hoverpause&quot;:false,&quot;show_slide_delay&quot;:0}\"  itemprop=\"image\" itemscope=\"itemscope\" itemtype=\"https:\/\/schema.org\/ImageObject\" ><ul class='avia-slideshow-inner ' style='padding-bottom: 23.4375%;'><li  class='avia-slideshow-slide av-dhy8w-53fa7cbebcae1b0caabb37f567c59b95__0  av-single-slide slide-1 slide-odd'><div data-rel='slideshow-1' class='avia-slide-wrap '   ><img decoding=\"async\" class=\"wp-image-1015 avia-img-lazy-loading-not-1015\"  src=\"https:\/\/www.it-systems-consulting.de\/wp-content\/uploads\/2023\/07\/inner-banner-4.jpg\" width=\"1920\" height=\"450\" title='Education.' alt=''  itemprop=\"thumbnailUrl\" srcset=\"https:\/\/www.it-systems-consulting.de\/wp-content\/uploads\/2023\/07\/inner-banner-4.jpg 1920w, https:\/\/www.it-systems-consulting.de\/wp-content\/uploads\/2023\/07\/inner-banner-4-300x70.jpg 300w, https:\/\/www.it-systems-consulting.de\/wp-content\/uploads\/2023\/07\/inner-banner-4-1030x241.jpg 1030w, https:\/\/www.it-systems-consulting.de\/wp-content\/uploads\/2023\/07\/inner-banner-4-768x180.jpg 768w, https:\/\/www.it-systems-consulting.de\/wp-content\/uploads\/2023\/07\/inner-banner-4-1536x360.jpg 1536w, https:\/\/www.it-systems-consulting.de\/wp-content\/uploads\/2023\/07\/inner-banner-4-1500x352.jpg 1500w, https:\/\/www.it-systems-consulting.de\/wp-content\/uploads\/2023\/07\/inner-banner-4-705x165.jpg 705w\" sizes=\"(max-width: 1920px) 100vw, 1920px\" \/><\/div><\/li><\/ul><\/div><\/div>\n<div id='av_section_1'  class='avia-section av-xqso8-6d15749a6971897e506eeb8de42bb0d5 main_color avia-section-large avia-no-border-styling  avia-builder-el-1  el_after_av_slideshow_full  avia-builder-el-last  avia-bg-style-scroll container_wrap sidebar_right'  ><div class='container av-section-cont-open' ><div class='template-page content  av-content-small alpha units'><div class='post-entry post-entry-type-page post-entry-544'><div class='entry-content-wrapper clearfix'>\n<div class='flex_column av-ppxr4-8c2246234c133a32dd5a7c7f1c012657 av_one_half  avia-builder-el-2  el_before_av_one_half  avia-builder-el-first  first flex_column_div avia-link-column av-column-link '    data-link-column-url=\"https:\/\/www.it-systems-consulting.de\/index.php\/renaissance\/\"   ><a class=\"av-screen-reader-only\" href=https:\/\/www.it-systems-consulting.de\/index.php\/renaissance\/ >Link zu:Renaissance<\/a><p>\n<style type=\"text\/css\" data-created_by=\"avia_inline_auto\" id=\"style-css-av-ldh5u0wr-7b8a7894771bd3ff4060e61c6c6b0965\">\n#top .av-special-heading.av-ldh5u0wr-7b8a7894771bd3ff4060e61c6c6b0965{\npadding-bottom:10px;\n}\nbody .av-special-heading.av-ldh5u0wr-7b8a7894771bd3ff4060e61c6c6b0965 .av-special-heading-tag .heading-char{\nfont-size:25px;\n}\n.av-special-heading.av-ldh5u0wr-7b8a7894771bd3ff4060e61c6c6b0965 .av-subheading{\nfont-size:15px;\n}\n<\/style>\n<div  class='av-special-heading av-ldh5u0wr-7b8a7894771bd3ff4060e61c6c6b0965 av-special-heading-h2 blockquote modern-quote  avia-builder-el-3  el_before_av_textblock  avia-builder-el-first '><h2 class='av-special-heading-tag'  itemprop=\"headline\"  >Full Stack<\/h2><div class=\"special-heading-border\"><div class=\"special-heading-inner-border\"><\/div><\/div><\/div><br \/>\n\n<style type=\"text\/css\" data-created_by=\"avia_inline_auto\" id=\"style-css-av-ivo0g-9302766ebfab6c9004a45a0db03fea1d\">\n#top .av_textblock_section.av-ivo0g-9302766ebfab6c9004a45a0db03fea1d .avia_textblock{\nfont-size:16px;\n}\n<\/style>\n<section  class='av_textblock_section av-ivo0g-9302766ebfab6c9004a45a0db03fea1d'  itemscope=\"itemscope\" itemtype=\"https:\/\/schema.org\/CreativeWork\" ><div class='avia_textblock'  itemprop=\"text\" ><p style=\"text-align: left;\"><em>Wir haben Erfahrungen in fast allen Bereichen der Softwareentwicklung, von der Aufnahme Ihrer Anforderungen \u00fcber Analyse, Konzeption, Programmierung und Inbetriebnahme.<\/em><\/p>\n<div class=\"ms-editor-squiggler\"><\/div>\n<\/div><\/section><br \/>\n<section  class='av_textblock_section av-lju9rh6j-b3c39b8de043cd47ccad0b94d4dea2b1'  itemscope=\"itemscope\" itemtype=\"https:\/\/schema.org\/CreativeWork\" ><div class='avia_textblock'  itemprop=\"text\" ><p>Wir erfassen gemeinsam mit Ihnen Ihre Bed\u00fcrfnisse und analysieren Ihre Prozesse.<\/p>\n<p>Darauf basierend erarbeiten wir die ideale L\u00f6sung, die Ihre Anforderungen m\u00f6glichst optimal abdeckt.<\/p>\n<p>Im Anschluss entwickeln wir die Software f\u00fcr Sie und unterst\u00fctzen Sie bei Tests, Abnahme und Einf\u00fchrung.<\/p>\n<p>Wir k\u00f6nnen Sie bei Ihren Entwicklungsprojekten von Anfang bis Ende begleiten oder unterst\u00fctzen Sie nur auf einem oder mehreren Teilst\u00fccken Ihres Weges.<\/p>\n<\/div><\/section><\/p><\/div><div class='flex_column av-d7yog-835cd55e4c1f69e6b7e29d1e16a57941 av_one_half  avia-builder-el-6  el_after_av_one_half  avia-builder-el-last  flex_column_div '     ><style type=\"text\/css\" data-created_by=\"avia_inline_auto\" id=\"style-css-av-7qyuw-1be8fa32b3e337b72661cc940a8dd948\">\n.avia-image-container.av-7qyuw-1be8fa32b3e337b72661cc940a8dd948 img.avia_image{\nbox-shadow:none;\n}\n.avia-image-container.av-7qyuw-1be8fa32b3e337b72661cc940a8dd948 .av-image-caption-overlay-center{\ncolor:#ffffff;\n}\n<\/style>\n<div  class='avia-image-container av-7qyuw-1be8fa32b3e337b72661cc940a8dd948 av-styling- avia-align-center  avia-builder-el-7  avia-builder-el-no-sibling '   itemprop=\"image\" itemscope=\"itemscope\" itemtype=\"https:\/\/schema.org\/ImageObject\" ><div class=\"avia-image-container-inner\"><div class=\"avia-image-overlay-wrap\"><a href=\"https:\/\/www.it-systems-consulting.de\/index.php\/renaissance\/\" class='avia_image' ><img decoding=\"async\" class='wp-image-847 avia-img-lazy-loading-not-847 avia_image ' src=\"https:\/\/www.it-systems-consulting.de\/wp-content\/uploads\/2023\/02\/Full-Stack-2.jpg\" alt='' title=''  height=\"500\" width=\"800\"  itemprop=\"thumbnailUrl\" srcset=\"https:\/\/www.it-systems-consulting.de\/wp-content\/uploads\/2023\/02\/Full-Stack-2.jpg 800w, https:\/\/www.it-systems-consulting.de\/wp-content\/uploads\/2023\/02\/Full-Stack-2-300x188.jpg 300w, https:\/\/www.it-systems-consulting.de\/wp-content\/uploads\/2023\/02\/Full-Stack-2-768x480.jpg 768w, https:\/\/www.it-systems-consulting.de\/wp-content\/uploads\/2023\/02\/Full-Stack-2-705x441.jpg 705w\" sizes=\"(max-width: 800px) 100vw, 800px\" \/><\/a><\/div><\/div><\/div><\/div><\/div><\/div><\/div><!-- close content main div --><\/div><\/div><div id='after_section_1'  class='main_color av_default_container_wrap container_wrap sidebar_right'  ><div class='container av-section-cont-open' ><div class='template-page content  av-content-small alpha units'><div class='post-entry post-entry-type-page post-entry-544'><div class='entry-content-wrapper clearfix'>\n","protected":false},"excerpt":{"rendered":"","protected":false},"author":4,"featured_media":0,"parent":0,"menu_order":0,"comment_status":"closed","ping_status":"closed","template":"","meta":{"inline_featured_image":false,"footnotes":""},"class_list":["post-544","page","type-page","status-publish","hentry"],"_links":{"self":[{"href":"https:\/\/www.it-systems-consulting.de\/index.php\/wp-json\/wp\/v2\/pages\/544","targetHints":{"allow":["GET"]}}],"collection":[{"href":"https:\/\/www.it-systems-consulting.de\/index.php\/wp-json\/wp\/v2\/pages"}],"about":[{"href":"https:\/\/www.it-systems-consulting.de\/index.php\/wp-json\/wp\/v2\/types\/page"}],"author":[{"embeddable":true,"href":"https:\/\/www.it-systems-consulting.de\/index.php\/wp-json\/wp\/v2\/users\/4"}],"replies":[{"embeddable":true,"href":"https:\/\/www.it-systems-consulting.de\/index.php\/wp-json\/wp\/v2\/comments?post=544"}],"version-history":[{"count":6,"href":"https:\/\/www.it-systems-consulting.de\/index.php\/wp-json\/wp\/v2\/pages\/544\/revisions"}],"predecessor-version":[{"id":1033,"href":"https:\/\/www.it-systems-consulting.de\/index.php\/wp-json\/wp\/v2\/pages\/544\/revisions\/1033"}],"wp:attachment":[{"href":"https:\/\/www.it-systems-consulting.de\/index.php\/wp-json\/wp\/v2\/media?parent=544"}],"curies":[{"name":"wp","href":"https:\/\/api.w.org\/{rel}","templated":true}]}}